 - 19*l**2 + 8*l - 167. Give x(19).
-15
Let o(b) = b**2 + 94*b + 523. Determine o(-6).
-5
Let x(s) = -2*s + 29. Calculate x(-6).
41
Let y(j) = 2*j**2 - 465*j - 8505. Calculate y(-17).
-22
Let g(r) = r**3 + 15*r**2 + 131*r + 199. What is g(-2)?
-11
Let m(i) = i**3 - 11*i**2 + 25*i - 84. Give m(10).
66
Let a(n) = n - 28. Determine a(-45).
-73
Let v(t) = 2*t**2 + 55*t - 13. Determine v(-28).
15
Let a(n) = -644*n - 10939. Calculate a(-17).
9
Let l(b) = -146*b**2 - 290*b + 4. Calculate l(-2).
0
Let k(d) = -4*d**2 - 331*d - 571. What is k(-81)?
-4
Let m(d) = -5*d**2 + d - 254. What is m(0)?
-254
Let j(n) = -n**3 - 49*n**2 + 3*n + 147. Determine j(-49).
0
Let h(i) = -24*i + 241. Determine h(13).
-71
Let z(q) = 26*q**3 - q**2 - 11*q + 12. Calculate z(1).
26
Let p(n) = -17*n**2 - 185*n + 182. What is p(1)?
-20
Let g(j) = -j**2 + 115*j - 2750. Determine g(81).
4
Let w(y) = -y**3 + 11*y**2 + 2*y + 115. Give w(12).
-5
Let j(d) = 34*d**2 + 10*d - 11. Determine j(2).
145
Let k(v) = -10*v**2 + 224*v - 440. Determine k(2).
-32
Let u(h) = 426*h - 3832. Give u(9).
2
Let a(j) = -j**3 + j**2 + 5*j - 118. What is a(0)?
-118
Let m(s) = -123*s - 7. Calculate m(2).
-253
Let g(s) = s**3 - 13*s**2 - 7*s + 39. Determine g(13).
-52
Let o(l) = 704*l - 3520. What is o(5)?
0
Let s(i) = 15*i**3 + 824*i**2 - 80*i - 1394. What is s(-55)?
-19
Let z(r) = r**2 - 124*r + 2176. Calculate z(21).
13
Let k(j) = -j**3 + 7*j**2 + 401*j - 2788. Calculate k(7).
19
Let d(y) = 5*y**2 - 16*y + 63. What is d(5)?
108
Let u(y) = -y**3 - 11*y**2 - 7*y + 15. Determine u(-7).
-132
Let k(z) = 7*z**3 - 677*z**2 - 198*z + 382. What is k(97)?
-6
Let n(b) = 2*b**2 + 21*b. Calculate n(-6).
-54
Let j(x) = -2*x**3 - 141*x**2 - 209*x - 142. Calculate j(-69).
-4
Let q(w) = -w**3 - 5*w**2 - 153*w - 941. What is q(-6)?
13
Let u(g) = -3*g**2 - 501*g - 978. Give u(-165).
12
Let z(t) = 2*t**3 + 156*t**2 + 4*t + 261. What is z(-78)?
-51
Let k(n) = -14*n**2 - 17*n + 65. What is k(4)?
-227
Let k(j) = -73*j**2 + 32*j + 20. Give k(1).
-21
Let x(o) = -o**2 - 18*o + 146. Give x(-24).
2
Let u(o) = -o**2 - 168*o + 5270. Give u(27).
5
Let s(d) = d**2 - 18*d - 91. Give s(23).
24
Let w(q) = q**2 + 1320*q - 9280. What is w(7)?
9
Let d(j) = -j**2 + 23*j + 66. Calculate d(21).
108
Let w(m) = -4*m**3 + 8*m**2 + 9*m - 3. Determine w(4).
-95
Let t(n) = -n**2 + 84*n + 170. Give t(-2).
-2
Let k(g) = 442*g - 5732. Calculate k(13).
14
Let o(f) = f**2 - 127*f - 18908. What is o(215)?
12
Let a(s) = 53*s**2 - s - 2. Determine a(-1).
52
Let g(o) = -11*o**2 - 94*o + 50. Calculate g(-12).
-406
Let f(r) = -5*r**2 + 144*r - 888. Calculate f(20).
-8
Let b(i) = -3*i**2 - 27*i + 149. Give b(-17).
-259
Let z(h) = -19*h + 966. What is z(51)?
-3
Let d(z) = z**3 - 9*z**2 + 13*z + 7. Calculate d(5).
-28
Let r(j) = -100*j + 442. What is r(5)?
-58
Let b(x) = -x**2 - 59*x - 715. Determine b(-17).
-1
Let g(j) = j**2 - 69*j - 9134. Calculate g(136).
-22
Let t(s) = -s**3 + 22*s**2 + 71*s + 14. Calculate t(25).
-86
Let a(k) = k**2 - 51*k + 466. What is a(35)?
-94
Let l(z) = z**3 - 11*z**2 - 8*z - 33. Determine l(12).
15
Let j(s) = 46*s**2 + 23*s + 23. Determine j(-1).
46
Let a(l) = -l**3 + 21*l**2 + 64. What is a(21)?
64
Let m(c) = -95*c - 2658. Calculate m(-30).
192
Let f(p) = 32*p - 323. Give f(10).
-3
Let j(s) = 40*s**2 - 916*s - 64. Calculate j(23).
28
Let l(m) = -47*m + 130. Determine l(13).
-481
Let v(k) = -k**2 - 18*k + 1. Calculate v(-2).
33
Let m(k) = -99*k**3 + 9*k - 13. What is m(2)?
-787
Let i(u) = -13*u + 740. Calculate i(52).
64
Let r(w) = -1523*w + 9133. What is r(6)?
-5
Let m(j) = -j**3 - 51*j**2 + 403*j - 34. What is m(-58)?
140
Let x(t) = -123*t**2 + 7*t - 7. What is x(1)?
-123
Let s(n) = 27469*n - 82417. Give s(3).
-10
Let z(r) = 116*r + 1123. What is z(-8)?
195
Let a(f) = -2*f**2 - 20*f - 34. Give a(-2).
-2
Let r(d) = d**3 - 26*d**2 + 95*d + 156. Determine r(20).
-344
Let h(b) = 552*b**2 + 3*b - 4. What is h(1)?
551
Let y(b) = 66*b + 434. What is y(-7)?
-28
Let s(f) = -1209*f + 8460. Give s(7).
-3
Let g(d) = d**3 + 20*d**2 + 99*d - 2. Calculate g(-8).
-26
Let s(m) = -10*m**3 + m**2 - 6*m - 13. What is s(4)?
-661
Let t(u) = -u**2 + 13*u + 102. Determine t(-6).
-12
Let c(r) = r**2 + 22*r - 17. Determine c(-5).
-102
Let y(h) = h**3 - 31*h**2 + 139*h - 244. What is y(26)?
-10
Let s(c) = 18*c - 585. Give s(30).
-45
Let g(p) = -11*p + 206. Determine g(19).
-3
Let r(u) = -u**2 + 4*u + 168. Calculate r(11).
91
Let g(v) = -4*v**2 + 61*v + 64. Give g(-1).
-1
Let c(j) = j**3 - 12*j**2 - 3*j + 150. What is c(11)?
-4
Let g(w) = -10*w**3 + 4*w**2 - 26*w + 45. Determine g(2).
-71
Let r(z) = -z**2 - 48*z - 90. What is r(-42)?
162
Let c(h) = -526*h - 3169. Give c(-6).
-13
Let f(m) = 3*m**2 + 73*m + 29. What is f(-24)?
5
Let m(l) = 3958*l + 11869. Determine m(-3).
-5
Let v(h) = 21*h**2 + 107*h + 9. Calculate v(-6).
123
Let k(z) = -z**2 - z + 736. Give k(27).
-20
Let z(v) = 2*v**2 - 13*v - 31. Determine z(12).
101
Let d(m) = m**3 + 88*m**2 + 84*m - 253. Calculate d(-87).
8
Let g(p) = -12*p + 150. What is g(12)?
6
Let q(a) = -a**2 + 137*a - 994. Give q(8).
38
Let s(v) = -v**2 - 16*v - 63. Determine s(-6).
-3
Let g(u) = 1175*u - 1168. What is g(1)?
7
Let g(c) = -11*c**3 + 43*c**2 + c - 94. Give g(3).
-1
Let s(h) = -h**2 + 33*h - 235. What is s(22)?
7
Let f(b) = -b**2 + 60*b - 923. Calculate f(40).
-123
Let k(y) = -3*y**3 + 18*y**2 + 23*y - 167. What is k(6)?
-29
Let r(x) = -x**3 - 18*x**2 - 118*x - 424. Give r(-10).
-44
Let h(d) = 505*d + 2525. What is h(-5)?
0
Let k(v) = -332*v - 1021. Calculate k(-3).
-25
Let b(l) = 10*l**2 - 259*l - 32. Determine b(26).
-6
Let s(b) = -433*b + 3411. Determine s(8).
-53
Let u(o) = 3*o**3 - 61*o**2 + 64*o + 32. Calculate u(19).
-196
Let o(m) = m**3 - 4*m**2 - 110*m + 229. Give o(2).
1
Let v(o) = o**3 + 18*o**2 + 76*o + 272. Calculate v(-14).
-8
Let v(s) = -2*s**2 + 87*s - 185. Calculate v(45).
-320
Let q(m) = 677*m + 2031. Calculate q(-3).
0
Let k(m) = 33*m + 2463. Calculate k(-79).
-144
Let f(j) = j**3 + 42*j**2 + 305*j + 2095. Give f(-35).
-5
Let o(v) = 420*v - 1722. What is o(4)?
-42
Let k(x) = -912*x - 8288. What is k(-9)?
-80
Let x(n) = 24*n + 1017. Give x(-42).
9
Let z(g) = g**3 - 39*g**2 - 3*g + 394. Give z(39).
277
Let k(w) = -2*w**3 - 18*w**2 + 379*w - 32. Determine k(10).
-42
Let s(l) = l**2 + 200*l + 1012. Determine s(-5).
37
Let y(a) = 3*a**2 + 93*a + 19. What is y(-29)?
-155
Let y(h) = h**3 - 42*h**2 + 545*h - 1969. What is y(6)?
5
Let s(x) = x**3 - 21*x**2 - 16*x - 164. What is s(22)?
-32
Let x(s) = -2*s**3 - 20*s**2 - 18*s - 123. What is x(-8)?
-235
Let n(r) = 736*r + 49313. Determine n(-67).
1
Let q(k) = -28*k - 1042. Determine q(-38).
22
Let d(z) = z**2 - 29*z + 99. What is d(24)?
-21
Let j(m) = -3*m**2 + 121*m - 284. What is j(38)?
-18
Let x(g) = -g**3 + 12*g**2 + 41*g + 64. Determine x(15).
4
Let t(y) = -2453*y + 41672. Determine t(17).
-29
Let c(z) = -6*z**3 + 3*z**2 - 25*z + 22. Give c(1).
-6
Let f(t) = 11*t**2 + 2*t + 2. Give f(-5).
267
Let n(c) = -c**3 + 6*c**2 + 597*c - 3013. What is n(5)?
-3
Let r(h) = -2*h**2 - 35*h - 117. Determine r(-3).
-30
Let h(q) = 13*q**2 + 255*q + 803. Give h(-4).
-9
Let y(b) = -3*b**3 - 250*b**2 - 83*b - 3. Give y(-83).
-3
Let p(s) = -164*s + 356. Calculate p(2).
28
Let m(b) = b**3 + 16*b**2 - 14*b - 254. Calculate m(-16).
-30
Let s(h) = -2*h**2 - 18*h + 340. Determine s(-19).
-40
Let d(r) = -2*r**3 + 31*r**2 + 1414*r - 22374. What is d(16)?
-6
Let c(y) = -24*y + 403. What is c(20)?
-77
Let o(x) = -5947*x + 41619. Calculate o(7).
-10
Let h(g) = -g**3 - 6*g**2 + 123*g + 735. Give h(-6).
-3
Let v(s) = 25*s**2 - 195*s - 51. Give v(8).
-11
Let a(c) = -c**3 + 54*c**2 + 1482*c + 43. What is a(-20)?
3
Let c(i) = i**2 - 28*i + 216. Determine c(17).
29
Let x(c) = -5*c**2 - 33*c + 879. Give x(-17).
-5
Let k(g) = 65*g - 164. What is k(3)?
31
Let c(r) = -31*r - 303. What is c(-10)?
7
Let y(c) = 148*c + 2209. Give y(-15).
-11
Let r(t) = t**2 - 1823*t + 37840. What is r(21)?
-2
Let x(r) = 24*r + 75. Calculate x(8).
267
Let o(r) = 112*r + 1567. Calculate o(-14).
-1
Let w(z) = 80*z + 714. Determine w(-8).
74
Let w(r) = 9*r**3 + 19*r**2 + 26*r - 24. Calculate w(-2).
-72
Let i(a) = -a**2 - 31*a - 1. What is i(-26)?
129
Let j(r) = 51*r - 50. Determine j(3).
103
Let f(t) = 7*t**2 + 23*t 